 71 = 5*a, -n - 2*a = -33. List the prime factors of n.
23
Let r(g) = 11*g**2 + 59*g - 515. List the prime factors of r(12).
1777
Let c = -7 - 20. Let q = 43 - c. What are the prime factors of q?
2, 5, 7
Let h = -1359 - -2553. What are the prime factors of h?
2, 3, 199
Let u = -30 + 38. Suppose -u - 64 = -3*r. What are the prime factors of r?
2, 3
Suppose -5*b + 7 = -8. Suppose b*t = t. Suppose -2*f - 4*s + 48 = t, 5*f - 120 = -2*s - 0*s. What are the prime factors of f?
2, 3
Let u be -22 + -7 + 4 + 3. List the prime factors of 4437/99 - 4/u.
3, 5
Let h be -17 - (1 + (-7 - -2)). Let x = h + 73. List the prime factors of x.
2, 3, 5
Let z be ((-162)/10)/((-1)/5). Let b = -49 + z. What are the prime factors of b?
2
What are the prime factors of 2/7 - 232070/(-322)?
7, 103
Let k = 12 - 21. Let l(c) = 2*c**2 + c - 47. What are the prime factors of l(k)?
2, 53
Suppose -10*i - 96 = -4*i. List the prime factors of 423*(i/(-32))/(6/4).
3, 47
Let s(u) = -77*u + 198. List the prime factors of s(-28).
2, 11, 107
Let i(t) be the second derivative of -t**3/6 - 2*t**2 + 2*t. Let u be i(-6). Suppose h + u*h - 39 = 0. What are the prime factors of h?
13
Let z = -68 - -98. What are the prime factors of (-4)/z + 15408/135?
2, 3, 19
Let r(v) = 24*v**2 + 27*v + 133. List the prime factors of r(-6).
5, 167
Let n(l) = -l**3 - 7*l**2 - 14*l + 1. Let h(s) = -s - 13. Let w be h(-7). List the prime factors of n(w).
7
Suppose -23*x = -22*x - 4494. List the prime factors of x.
2, 3, 7, 107
Suppose -486 = -5*t + 4*g, -t + 2*g = 2*t - 290. Let d = -54 + t. What are the prime factors of d?
2, 5
Let v = -32 + 12. Let q = 27 + v. List the prime factors of -1*1*(-112)/q.
2
Suppose 16 = 5*t - t. Let u = t - 2. Suppose 0*a + 48 = u*a. List the prime factors of a.
2, 3
Let q be 3 + (11 + 1)/(-3). What are the prime factors of (-1 - (1 - 0))*q?
2
Suppose 1283 = 2*b + 3*u - 2977, 5*b - 3*u - 10692 = 0. What are the prime factors of b?
2, 3, 89
Suppose -2*t + 21 = -5*x, -2*t + 4*t - 6 = 0. Let p be (7/3 - 2)*x. List the prime factors of p/((1/(-8))/1).
2
List the prime factors of ((-92)/115)/((-1)/865).
2, 173
Let i(u) = -3*u - 8. Let c(s) = -s - 4. Let v(r) = -5*c(r) + 2*i(r). Let h be v(8). What are the prime factors of (h/(-5))/((-4)/(-210))?
2, 3, 7
Let h(f) be the first derivative of 17*f + 1/2*f**2 + 0*f**3 - 1/4*f**4 + 4. List the prime factors of h(0).
17
Suppose -3*h - 296 = -1712. List the prime factors of h.
2, 59
Let l(r) = -83*r**3 - 2*r**2 + 3. What are the prime factors of l(-2)?
659
Suppose b - 44 - 83 = 0. Let o = -84 + b. List the prime factors of o.
43
Suppose -1276*c = -1277*c + 2146. What are the prime factors of c?
2, 29, 37
Let m be 12/(-9)*(2 + (-7)/2). Let f(v) = 61*v**2 + 6*v - 7. List the prime factors of f(m).
3, 83
Let d = 856 + -481. List the prime factors of d.
3, 5
Suppose 146*a = 137*a + 25659. What are the prime factors of a?
2851
Let t be (-6)/1 - (-2 - 0). Let u(j) = -j**2 - 6*j - 2. Let l be u(t). List the prime factors of (-868)/(-42)*l/4.
31
Suppose 5*q + 9225 = 4*n, 0 = 5*n - 10*n - 5*q + 11520. List the prime factors of n.
5, 461
Let v(b) = -b**3 + 11*b**2 - 17*b + 2. Let p be v(9). Suppose -22*m + 2992 = -p*m. List the prime factors of m.
2, 17
Let r(s) = 2*s + 20. Let a = -1 - 6. List the prime factors of r(a).
2, 3
Let j(n) = 4*n + 21*n - 1 + 7*n. List the prime factors of j(3).
5, 19
Let v be (8*-1)/4 - 14. List the prime factors of 61 + v/((-12)/(-3)).
3, 19
Suppose 0 = -4*k + x + 9, 1 = -4*k - 5*x + 4. Let o(c) = 21*c**2 + 3*c - 4. What are the prime factors of o(k)?
2, 43
Let n be 24/(-9)*(2 - 122). Suppose n = 2*f + 6*f. What are the prime factors of f?
2, 5
Suppose -4*f = -d + 20, -2*d + 7*d = -5*f - 25. Let l = f - -5. Suppose l = -5*g + 2*u + 88, 4*g + 0 = -u + 73. What are the prime factors of g?
2, 3
Suppose 142 = 6*a - 14. Suppose 0 = -g + a + 33. List the prime factors of g.
59
Suppose -5*v - 5*y - 18 = -63, 5*y = -2*v + 21. Let j = -8 + 2. What are the prime factors of (v/(-12))/(j/153)?
17
Suppose 0*h = 5*h + 10. Let n be -2*(0/h - 2). What are the prime factors of (n - -2)/3 + 11?
13
Let h(g) be the third derivative of g**5/60 + g**4/3 - g**3 + g**2. Let x be h(-9). Suppose 2*c + 20 = x*c. What are the prime factors of c?
2, 5
Let b = -81 + 189. Let h be (4/3)/(1156/(-144) + 8). Let x = h + b. What are the prime factors of x?
2, 3, 5
Let d = 754 - 350. Let q = d - 276. List the prime factors of q.
2
Let w = 726 - 366. What are the prime factors of w?
2, 3, 5
Let z(l) = 1116*l**2 + 3*l - 4. List the prime factors of z(1).
5, 223
Suppose -242 = w - 1191. List the prime factors of w.
13, 73
Let s = 467 + -684. Let q = s - -446. List the prime factors of q.
229
Let z(b) = b**3 - 6*b + 1. Let n be z(3). Let p = n - 6. Suppose a - p*a + 180 = 0. List the prime factors of a.
2, 3, 5
Let u = -122 - -131. Let d be -2 - (-5)/((-15)/(-6)). Suppose -12*c + u*c + 111 = d. What are the prime factors of c?
37
Let v be (9/15)/(3/135). What are the prime factors of (0 - 12/(-3)) + v?
31
What are the prime factors of 7599/7 + (62/14 - 5)?
5, 7, 31
Suppose -4*c = -7*c + 39. Suppose 35 + c = -4*m. What are the prime factors of ((-2)/(-6))/(m/(-108))?
3
Let r(w) = 223*w**2 - 24*w - 52. List the prime factors of r(-2).
2, 3, 37
List the prime factors of (-205)/(-30) - 7 - (-6974)/12.
7, 83
Suppose -7*b = -23 + 58. List the prime factors of 411*(-4)/(-12) + b.
2, 3, 11
Let p = -100 + 99. What are the prime factors of (-1)/(p/4) - 280/(-10)?
2
List the prime factors of ((-20)/(-6))/((-67)/(-26934)).
2, 5, 67
Let g(x) = x + x**3 - 4 - 4 + 8 - 2 + 2*x**2. Let y be (-7)/(-14) - (-3)/2. What are the prime factors of g(y)?
2
Let c(z) = -2*z**2 - 105*z - 91. What are the prime factors of c(-31)?
2, 3, 23
Let s = -4902 + 7784. List the prime factors of s.
2, 11, 131
Let w(x) = 44*x + 9. Suppose -4*d + 11 = 5*b, -3*b = 10*d - 6*d - 5. What are the prime factors of w(b)?
3, 47
Suppose -552 + 192 = -5*i. Suppose 9*z - 8*z - i = 0. What are the prime factors of z?
2, 3
Let o(r) = -1053*r**3 - r + 1. List the prime factors of o(-1).
5, 211
Let m be (-2 - (-246)/(-10)) + (-8)/20. What are the prime factors of 4 + m/6 - (-334)/4?
83
Suppose -3103 = -2*p + 3*l, 1546 = -22*p + 23*p + 4*l. What are the prime factors of p?
2, 5, 31
Suppose -156*c + 151*c = f - 2000, 379 = c - 4*f. What are the prime factors of c?
3, 7, 19
Let g(w) = 2*w**2 - 2*w - 3. Let f be ((-2)/((-1)/(-1)))/((-10)/(-25)). List the prime factors of g(f).
3, 19
Suppose 0 = -i - 2*i + 9. Let o(f) = -3*f. Let l be o(i). List the prime factors of 80/6 - (-3)/l.
13
Suppose -b - 5 = -7. Suppose 3*w = 4*k - 2*w - 297, 0 = 4*k + b*w - 262. List the prime factors of k.
2, 17
Suppose 3*m - 4 = 14. Suppose -a = 4*h - 35, 2*a - h - 89 = -2*a. List the prime factors of m/(a/7 - 3).
3, 7
Let j(v) = v**2 - 11*v - 14. Let u be j(12). Let w be (u/6)/((-1)/(-27)). Let t = 16 - w. What are the prime factors of t?
5
Let t(n) = -2*n + 244. Let k be t(0). Suppose 2*o + 2*o - k = 0. List the prime factors of o.
61
Suppose -3*s + z + 3730 = -3081, 0 = -4*z - 4. List the prime factors of s.
2, 5, 227
Let z(p) = p**3 - 9*p**2 + 11. Let i be z(9). Suppose 0 = -i*y + 7*y. What are the prime factors of (-3)/(6 + y)*-46?
23
Let j = -52 + 55. Suppose -3*h - 15 = 0, -j*o + 93 = -2*h - 112. What are the prime factors of o?
5, 13
Suppose -4*h + 5207 - 1643 = 0. What are the prime factors of h?
3, 11
Let f = 303 - 192. Suppose 9 = 5*x - f. What are the prime factors of x?
2, 3
Let k = 0 - 14. Let c = k - -22. Let m = c - -9. What are the prime factors of m?
17
Suppose 5 = -h, 7*f = 5*f - 2*h + 3664. What are the prime factors of f?
11, 167
Let x(i) = 55*i**3 - 4*i**2 + 3*i - 1. Let m(p) = 220*p**3 - 17*p**2 + 13*p - 5. Let k(d) = -2*m(d) + 9*x(d). List the prime factors of k(1).
5, 11
Let r = -2393 - -3548. What are the prime factors of r?
3, 5, 7, 11
Suppose 6014 + 3366 = 3*w - 4*g, 3*g = 3*w - 9375. What are the prime factors of w?
2, 3, 5, 13
Suppose -1 = 4*c + 15, c - 88 = -i. Let v(k) = k + 8. Let y be v(-17). What are the prime factors of 10/(-45) - i/y?
2, 5
Let p(u) = -65*u - 448. What are the prime factors of p(-50)?
2, 3, 467
Suppose -7*z = -4*z + 69. Let g be -1*55 - (3 + -1). Let h = z - g. What are the prime facto